{"id":5594,"date":"2026-01-23T22:56:12","date_gmt":"2026-01-23T21:56:12","guid":{"rendered":"https:\/\/midoxalimentation.com\/?product=colgate"},"modified":"2026-02-13T16:59:36","modified_gmt":"2026-02-13T15:59:36","slug":"colgate","status":"publish","type":"product","link":"https:\/\/midoxalimentation.com\/?product=colgate","title":{"rendered":"Colgate Total Blancheur"},"content":{"rendered":"<p>Colgate Total combat les bact\u00e9ries sur les dents, la langue, les joues et les gencives pendant 12 heures. Sa formule avanc\u00e9e aide \u00e0 \u00e9liminer les taches de surface pour un sourire \u00e9clatant et une sant\u00e9 bucco-dentaire optimale.<\/p>\n","protected":false},"excerpt":{"rendered":"<p>Dentifrice multi-actions pour une protection compl\u00e8te et des dents naturellement plus blanches.<\/p>\n","protected":false},"featured_media":5593,"comment_status":"open","ping_status":"closed","template":"","meta":{"content-type":""},"pwb-brand":[],"product_brand":[],"product_cat":[196,15],"product_tag":[649,647,648,340,650],"class_list":{"0":"post-5594","1":"product","2":"type-product","3":"status-publish","4":"has-post-thumbnail","6":"product_cat-hygiene-soins","7":"product_cat-tous-les-produits","8":"product_tag-blancheur","9":"product_tag-colgate","10":"product_tag-dentifrice","11":"product_tag-hygiene","12":"product_tag-soin-dentaire","14":"first","15":"instock","16":"taxable","17":"shipping-taxable","18":"purchasable","19":"product-type-simple"},"aioseo_notices":[],"jetpack_sharing_enabled":true,"brands":[],"_links":{"self":[{"href":"https:\/\/midoxalimentation.com\/index.php?rest_route=\/wp\/v2\/product\/5594","targetHints":{"allow":["GET"]}}],"collection":[{"href":"https:\/\/midoxalimentation.com\/index.php?rest_route=\/wp\/v2\/product"}],"about":[{"href":"https:\/\/midoxalimentation.com\/index.php?rest_route=\/wp\/v2\/types\/product"}],"replies":[{"embeddable":true,"href":"https:\/\/midoxalimentation.com\/index.php?rest_route=%2Fwp%2Fv2%2Fcomments&post=5594"}],"version-history":[{"count":2,"href":"https:\/\/midoxalimentation.com\/index.php?rest_route=\/wp\/v2\/product\/5594\/revisions"}],"predecessor-version":[{"id":6579,"href":"https:\/\/midoxalimentation.com\/index.php?rest_route=\/wp\/v2\/product\/5594\/revisions\/6579"}],"wp:featuredmedia":[{"embeddable":true,"href":"https:\/\/midoxalimentation.com\/index.php?rest_route=\/wp\/v2\/media\/5593"}],"wp:attachment":[{"href":"https:\/\/midoxalimentation.com\/index.php?rest_route=%2Fwp%2Fv2%2Fmedia&parent=5594"}],"wp:term":[{"taxonomy":"pwb-brand","embeddable":true,"href":"https:\/\/midoxalimentation.com\/index.php?rest_route=%2Fwp%2Fv2%2Fpwb-brand&post=5594"},{"taxonomy":"product_brand","embeddable":true,"href":"https:\/\/midoxalimentation.com\/index.php?rest_route=%2Fwp%2Fv2%2Fproduct_brand&post=5594"},{"taxonomy":"product_cat","embeddable":true,"href":"https:\/\/midoxalimentation.com\/index.php?rest_route=%2Fwp%2Fv2%2Fproduct_cat&post=5594"},{"taxonomy":"product_tag","embeddable":true,"href":"https:\/\/midoxalimentation.com\/index.php?rest_route=%2Fwp%2Fv2%2Fproduct_tag&post=5594"}],"curies":[{"name":"wp","href":"https:\/\/api.w.org\/{rel}","templated":true}]}}