{"id":5613,"date":"2026-01-23T22:56:15","date_gmt":"2026-01-23T21:56:15","guid":{"rendered":"https:\/\/midoxalimentation.com\/?product=morceau-de-sucre"},"modified":"2026-02-12T18:47:36","modified_gmt":"2026-02-12T17:47:36","slug":"morceau-de-sucre","status":"publish","type":"product","link":"https:\/\/midoxalimentation.com\/?product=morceau-de-sucre","title":{"rendered":"Morceau de Sucre"},"content":{"rendered":"<p data-path-to-node=\"17\">Le sucre Ennemr (Marque au Tigre) est une r\u00e9f\u00e9rence historique pour la pr\u00e9paration du th\u00e9 marocain. Ces morceaux de sucre se dissolvent parfaitement, offrant une sucrosit\u00e9 pure sans alt\u00e9rer les ar\u00f4mes de vos boissons. Un produit de base essentiel dans chaque foyer pour accompagner vos moments de convivialit\u00e9.<\/p>\n<p data-path-to-node=\"18\">\n","protected":false},"excerpt":{"rendered":"<p>Sucre en morceaux de qualit\u00e9 sup\u00e9rieure, indispensable pour sucrer votre th\u00e9 traditionnel ou vos boissons chaudes.<\/p>\n","protected":false},"featured_media":5612,"comment_status":"open","ping_status":"closed","template":"","meta":{"content-type":""},"pwb-brand":[],"product_brand":[],"product_cat":[521,167,171,15],"product_tag":[550,577,541,578,380,579,284],"class_list":{"0":"post-5613","1":"product","2":"type-product","3":"status-publish","4":"has-post-thumbnail","6":"product_cat-conserves","7":"product_cat-epicerie","8":"product_cat-petit-dejeuner","9":"product_cat-tous-les-produits","10":"product_tag-boisson-chaude","11":"product_tag-ennemr","12":"product_tag-epicerie","13":"product_tag-morceaux","14":"product_tag-sucre","15":"product_tag-the-marocain","16":"product_tag-tradition","18":"first","19":"instock","20":"taxable","21":"shipping-taxable","22":"purchasable","23":"product-type-variable"},"aioseo_notices":[],"jetpack_sharing_enabled":true,"brands":[],"_links":{"self":[{"href":"https:\/\/midoxalimentation.com\/index.php?rest_route=\/wp\/v2\/product\/5613","targetHints":{"allow":["GET"]}}],"collection":[{"href":"https:\/\/midoxalimentation.com\/index.php?rest_route=\/wp\/v2\/product"}],"about":[{"href":"https:\/\/midoxalimentation.com\/index.php?rest_route=\/wp\/v2\/types\/product"}],"replies":[{"embeddable":true,"href":"https:\/\/midoxalimentation.com\/index.php?rest_route=%2Fwp%2Fv2%2Fcomments&post=5613"}],"version-history":[{"count":2,"href":"https:\/\/midoxalimentation.com\/index.php?rest_route=\/wp\/v2\/product\/5613\/revisions"}],"predecessor-version":[{"id":6495,"href":"https:\/\/midoxalimentation.com\/index.php?rest_route=\/wp\/v2\/product\/5613\/revisions\/6495"}],"wp:featuredmedia":[{"embeddable":true,"href":"https:\/\/midoxalimentation.com\/index.php?rest_route=\/wp\/v2\/media\/5612"}],"wp:attachment":[{"href":"https:\/\/midoxalimentation.com\/index.php?rest_route=%2Fwp%2Fv2%2Fmedia&parent=5613"}],"wp:term":[{"taxonomy":"pwb-brand","embeddable":true,"href":"https:\/\/midoxalimentation.com\/index.php?rest_route=%2Fwp%2Fv2%2Fpwb-brand&post=5613"},{"taxonomy":"product_brand","embeddable":true,"href":"https:\/\/midoxalimentation.com\/index.php?rest_route=%2Fwp%2Fv2%2Fproduct_brand&post=5613"},{"taxonomy":"product_cat","embeddable":true,"href":"https:\/\/midoxalimentation.com\/index.php?rest_route=%2Fwp%2Fv2%2Fproduct_cat&post=5613"},{"taxonomy":"product_tag","embeddable":true,"href":"https:\/\/midoxalimentation.com\/index.php?rest_route=%2Fwp%2Fv2%2Fproduct_tag&post=5613"}],"curies":[{"name":"wp","href":"https:\/\/api.w.org\/{rel}","templated":true}]}}