{"id":5711,"date":"2026-01-23T22:56:30","date_gmt":"2026-01-23T21:56:30","guid":{"rendered":"https:\/\/midoxalimentation.com\/?product=insectecide-verde"},"modified":"2026-02-16T19:39:49","modified_gmt":"2026-02-16T18:39:49","slug":"insectecide-verde","status":"publish","type":"product","link":"https:\/\/midoxalimentation.com\/?product=insectecide-verde","title":{"rendered":"Insectecide Verde"},"content":{"rendered":"<p>Verde est un insecticide puissant con\u00e7u pour prot\u00e9ger votre foyer contre les moustiques, mouches et autres insectes volants ou rampants. Son action imm\u00e9diate assure une tranquillit\u00e9 durable \u00e0 l&rsquo;int\u00e9rieur de la maison .<\/p>\n","protected":false},"excerpt":{"rendered":"<p>Une solution efficace pour \u00e9liminer rapidement les insectes nuisibles.<\/p>\n","protected":false},"featured_media":5710,"comment_status":"open","ping_status":"closed","template":"","meta":{"content-type":""},"pwb-brand":[],"product_brand":[],"product_cat":[183,15],"product_tag":[801,800,802,803,799],"class_list":{"0":"post-5711","1":"product","2":"type-product","3":"status-publish","4":"has-post-thumbnail","6":"product_cat-entretien-maison","7":"product_cat-tous-les-produits","8":"product_tag-anti-insectes","9":"product_tag-insecticide","10":"product_tag-protection-maison","11":"product_tag-spray","12":"product_tag-verde","14":"first","15":"instock","16":"taxable","17":"shipping-taxable","18":"purchasable","19":"product-type-simple"},"aioseo_notices":[],"jetpack_sharing_enabled":true,"brands":[],"_links":{"self":[{"href":"https:\/\/midoxalimentation.com\/index.php?rest_route=\/wp\/v2\/product\/5711","targetHints":{"allow":["GET"]}}],"collection":[{"href":"https:\/\/midoxalimentation.com\/index.php?rest_route=\/wp\/v2\/product"}],"about":[{"href":"https:\/\/midoxalimentation.com\/index.php?rest_route=\/wp\/v2\/types\/product"}],"replies":[{"embeddable":true,"href":"https:\/\/midoxalimentation.com\/index.php?rest_route=%2Fwp%2Fv2%2Fcomments&post=5711"}],"version-history":[{"count":1,"href":"https:\/\/midoxalimentation.com\/index.php?rest_route=\/wp\/v2\/product\/5711\/revisions"}],"predecessor-version":[{"id":6757,"href":"https:\/\/midoxalimentation.com\/index.php?rest_route=\/wp\/v2\/product\/5711\/revisions\/6757"}],"wp:featuredmedia":[{"embeddable":true,"href":"https:\/\/midoxalimentation.com\/index.php?rest_route=\/wp\/v2\/media\/5710"}],"wp:attachment":[{"href":"https:\/\/midoxalimentation.com\/index.php?rest_route=%2Fwp%2Fv2%2Fmedia&parent=5711"}],"wp:term":[{"taxonomy":"pwb-brand","embeddable":true,"href":"https:\/\/midoxalimentation.com\/index.php?rest_route=%2Fwp%2Fv2%2Fpwb-brand&post=5711"},{"taxonomy":"product_brand","embeddable":true,"href":"https:\/\/midoxalimentation.com\/index.php?rest_route=%2Fwp%2Fv2%2Fproduct_brand&post=5711"},{"taxonomy":"product_cat","embeddable":true,"href":"https:\/\/midoxalimentation.com\/index.php?rest_route=%2Fwp%2Fv2%2Fproduct_cat&post=5711"},{"taxonomy":"product_tag","embeddable":true,"href":"https:\/\/midoxalimentation.com\/index.php?rest_route=%2Fwp%2Fv2%2Fproduct_tag&post=5711"}],"curies":[{"name":"wp","href":"https:\/\/api.w.org\/{rel}","templated":true}]}}