{"id":5856,"date":"2026-01-23T22:56:53","date_gmt":"2026-01-23T21:56:53","guid":{"rendered":"https:\/\/midoxalimentation.com\/?product=chocolate-mountain-cookies-big-nut"},"modified":"2026-02-08T19:36:42","modified_gmt":"2026-02-08T18:36:42","slug":"chocolate-mountain-cookies-big-nut","status":"publish","type":"product","link":"https:\/\/midoxalimentation.com\/?product=chocolate-mountain-cookies-big-nut","title":{"rendered":"Chocolate Mountain  Cookies  Big Nut"},"content":{"rendered":"<p>Les Chocolate Mountain \u00ab\u00a0Big Nut\u00a0\u00bb portent bien leur nom. Ce biscuit premium se distingue par sa taille imposante et sa richesse en ingr\u00e9dients. Chaque cookie est parsem\u00e9 de grosses p\u00e9pites de chocolat au lait fondant et de noisettes croquantes soigneusement s\u00e9lectionn\u00e9es. Sa texture parfaitement dor\u00e9e offre un croquant irr\u00e9sistible qui contraste avec la douceur du chocolat. C&rsquo;est le biscuit id\u00e9al pour accompagner un moment de d\u00e9tente ou pour partager (ou non !) un go\u00fbter ultra-gourmand au caract\u00e8re rustique et g\u00e9n\u00e9reux.<\/p>\n","protected":false},"excerpt":{"rendered":"<p>Un cookie g\u00e9ant d&rsquo;une gourmandise extr\u00eame, combinant de g\u00e9n\u00e9reux morceaux de chocolat au lait et des noisettes enti\u00e8res croquantes. La montagne de plaisir pour les grandes faims.<\/p>\n","protected":false},"featured_media":5855,"comment_status":"open","ping_status":"closed","template":"","meta":{"content-type":""},"pwb-brand":[],"product_brand":[],"product_cat":[224,165],"product_tag":[446,271,247,445,270,448,235,444,317,447],"class_list":{"0":"post-5856","1":"product","2":"type-product","3":"status-publish","4":"has-post-thumbnail","6":"product_cat-biscuits-gaufrettes","7":"product_cat-snacking-aperitif","8":"product_tag-big-nut","9":"product_tag-biscuit","10":"product_tag-chocolat-au-lait","11":"product_tag-chocolate-mountain","12":"product_tag-cookies","13":"product_tag-gourmand","14":"product_tag-gouter","15":"product_tag-griesson","16":"product_tag-noisettes","17":"product_tag-xxl","19":"first","20":"instock","21":"taxable","22":"shipping-taxable","23":"purchasable","24":"product-type-simple"},"aioseo_notices":[],"jetpack_sharing_enabled":true,"brands":[],"_links":{"self":[{"href":"https:\/\/midoxalimentation.com\/index.php?rest_route=\/wp\/v2\/product\/5856","targetHints":{"allow":["GET"]}}],"collection":[{"href":"https:\/\/midoxalimentation.com\/index.php?rest_route=\/wp\/v2\/product"}],"about":[{"href":"https:\/\/midoxalimentation.com\/index.php?rest_route=\/wp\/v2\/types\/product"}],"replies":[{"embeddable":true,"href":"https:\/\/midoxalimentation.com\/index.php?rest_route=%2Fwp%2Fv2%2Fcomments&post=5856"}],"version-history":[{"count":2,"href":"https:\/\/midoxalimentation.com\/index.php?rest_route=\/wp\/v2\/product\/5856\/revisions"}],"predecessor-version":[{"id":6340,"href":"https:\/\/midoxalimentation.com\/index.php?rest_route=\/wp\/v2\/product\/5856\/revisions\/6340"}],"wp:featuredmedia":[{"embeddable":true,"href":"https:\/\/midoxalimentation.com\/index.php?rest_route=\/wp\/v2\/media\/5855"}],"wp:attachment":[{"href":"https:\/\/midoxalimentation.com\/index.php?rest_route=%2Fwp%2Fv2%2Fmedia&parent=5856"}],"wp:term":[{"taxonomy":"pwb-brand","embeddable":true,"href":"https:\/\/midoxalimentation.com\/index.php?rest_route=%2Fwp%2Fv2%2Fpwb-brand&post=5856"},{"taxonomy":"product_brand","embeddable":true,"href":"https:\/\/midoxalimentation.com\/index.php?rest_route=%2Fwp%2Fv2%2Fproduct_brand&post=5856"},{"taxonomy":"product_cat","embeddable":true,"href":"https:\/\/midoxalimentation.com\/index.php?rest_route=%2Fwp%2Fv2%2Fproduct_cat&post=5856"},{"taxonomy":"product_tag","embeddable":true,"href":"https:\/\/midoxalimentation.com\/index.php?rest_route=%2Fwp%2Fv2%2Fproduct_tag&post=5856"}],"curies":[{"name":"wp","href":"https:\/\/api.w.org\/{rel}","templated":true}]}}