{"id":5874,"date":"2026-01-23T22:56:55","date_gmt":"2026-01-23T21:56:55","guid":{"rendered":"https:\/\/midoxalimentation.com\/?product=glace-magnum"},"modified":"2026-02-15T23:46:27","modified_gmt":"2026-02-15T22:46:27","slug":"glace-magnum","status":"publish","type":"product","link":"https:\/\/midoxalimentation.com\/?product=glace-magnum","title":{"rendered":"Glace Magnum"},"content":{"rendered":"<p>D\u00e9couvrez le plaisir intemporel du Magnum Classic. Une onctueuse cr\u00e8me glac\u00e9e \u00e0 la vanille de Madagascar, envelopp\u00e9e dans une \u00e9paisse couche de chocolat au lait craquant issu de sources durables. Un \u00e9quilibre parfait pour les vrais amateurs de chocolat.<\/p>\n","protected":false},"excerpt":{"rendered":"<p>L&rsquo;ic\u00f4ne de Magnum : une glace vanille onctueuse enrob\u00e9e de chocolat au lait craquant.<\/p>\n","protected":false},"featured_media":5873,"comment_status":"open","ping_status":"closed","template":"","meta":{"content-type":""},"pwb-brand":[],"product_brand":[],"product_cat":[174,15],"product_tag":[247,346,731,737,344],"class_list":{"0":"post-5874","1":"product","2":"type-product","3":"status-publish","4":"has-post-thumbnail","6":"product_cat-glaces","7":"product_cat-tous-les-produits","8":"product_tag-chocolat-au-lait","9":"product_tag-classic","10":"product_tag-glace","11":"product_tag-magnum","12":"product_tag-vanille","14":"first","15":"instock","16":"taxable","17":"shipping-taxable","18":"purchasable","19":"product-type-simple"},"aioseo_notices":[],"jetpack_sharing_enabled":true,"brands":[],"_links":{"self":[{"href":"https:\/\/midoxalimentation.com\/index.php?rest_route=\/wp\/v2\/product\/5874","targetHints":{"allow":["GET"]}}],"collection":[{"href":"https:\/\/midoxalimentation.com\/index.php?rest_route=\/wp\/v2\/product"}],"about":[{"href":"https:\/\/midoxalimentation.com\/index.php?rest_route=\/wp\/v2\/types\/product"}],"replies":[{"embeddable":true,"href":"https:\/\/midoxalimentation.com\/index.php?rest_route=%2Fwp%2Fv2%2Fcomments&post=5874"}],"version-history":[{"count":2,"href":"https:\/\/midoxalimentation.com\/index.php?rest_route=\/wp\/v2\/product\/5874\/revisions"}],"predecessor-version":[{"id":6675,"href":"https:\/\/midoxalimentation.com\/index.php?rest_route=\/wp\/v2\/product\/5874\/revisions\/6675"}],"wp:featuredmedia":[{"embeddable":true,"href":"https:\/\/midoxalimentation.com\/index.php?rest_route=\/wp\/v2\/media\/5873"}],"wp:attachment":[{"href":"https:\/\/midoxalimentation.com\/index.php?rest_route=%2Fwp%2Fv2%2Fmedia&parent=5874"}],"wp:term":[{"taxonomy":"pwb-brand","embeddable":true,"href":"https:\/\/midoxalimentation.com\/index.php?rest_route=%2Fwp%2Fv2%2Fpwb-brand&post=5874"},{"taxonomy":"product_brand","embeddable":true,"href":"https:\/\/midoxalimentation.com\/index.php?rest_route=%2Fwp%2Fv2%2Fproduct_brand&post=5874"},{"taxonomy":"product_cat","embeddable":true,"href":"https:\/\/midoxalimentation.com\/index.php?rest_route=%2Fwp%2Fv2%2Fproduct_cat&post=5874"},{"taxonomy":"product_tag","embeddable":true,"href":"https:\/\/midoxalimentation.com\/index.php?rest_route=%2Fwp%2Fv2%2Fproduct_tag&post=5874"}],"curies":[{"name":"wp","href":"https:\/\/api.w.org\/{rel}","templated":true}]}}