{"id":5946,"date":"2026-01-23T22:57:07","date_gmt":"2026-01-23T21:57:07","guid":{"rendered":"https:\/\/midoxalimentation.com\/?product=haciendado-graines-de-lin-dore"},"modified":"2026-02-13T16:12:11","modified_gmt":"2026-02-13T15:12:11","slug":"haciendado-graines-de-lin-dore","status":"publish","type":"product","link":"https:\/\/midoxalimentation.com\/?product=haciendado-graines-de-lin-dore","title":{"rendered":"Haciendado Graines de lin dor\u00e9"},"content":{"rendered":"<p>Le lin dor\u00e9 Hacendado est l&rsquo;alli\u00e9 id\u00e9al pour enrichir votre alimentation quotidienne. Ces graines peuvent \u00eatre saupoudr\u00e9es sur vos salades, yaourts, ou int\u00e9gr\u00e9es dans vos recettes de pains et smoothies. Reconnues pour leurs bienfaits sur la digestion et le syst\u00e8me cardiovasculaire, elles sont indispensables pour une cuisine saine<\/p>\n","protected":false},"excerpt":{"rendered":"<p>Graines de lin dor\u00e9 (Lino Dorado) naturelles, une source exceptionnelle d&rsquo;om\u00e9ga-3 et de fibres pour votre sant\u00e9.<\/p>\n","protected":false},"featured_media":5945,"comment_status":"open","ping_status":"closed","template":"","meta":{"content-type":""},"pwb-brand":[],"product_brand":[],"product_cat":[521,167,15],"product_tag":[541,605,239,606,529,349,607],"class_list":{"0":"post-5946","1":"product","2":"type-product","3":"status-publish","4":"has-post-thumbnail","6":"product_cat-conserves","7":"product_cat-epicerie","8":"product_cat-tous-les-produits","9":"product_tag-epicerie","10":"product_tag-graines-de-lin","11":"product_tag-hacendado","12":"product_tag-lino","13":"product_tag-omega-3","14":"product_tag-sante","15":"product_tag-superfood","17":"first","18":"instock","19":"taxable","20":"shipping-taxable","21":"purchasable","22":"product-type-simple"},"aioseo_notices":[],"jetpack_sharing_enabled":true,"brands":[],"_links":{"self":[{"href":"https:\/\/midoxalimentation.com\/index.php?rest_route=\/wp\/v2\/product\/5946","targetHints":{"allow":["GET"]}}],"collection":[{"href":"https:\/\/midoxalimentation.com\/index.php?rest_route=\/wp\/v2\/product"}],"about":[{"href":"https:\/\/midoxalimentation.com\/index.php?rest_route=\/wp\/v2\/types\/product"}],"replies":[{"embeddable":true,"href":"https:\/\/midoxalimentation.com\/index.php?rest_route=%2Fwp%2Fv2%2Fcomments&post=5946"}],"version-history":[{"count":1,"href":"https:\/\/midoxalimentation.com\/index.php?rest_route=\/wp\/v2\/product\/5946\/revisions"}],"predecessor-version":[{"id":6550,"href":"https:\/\/midoxalimentation.com\/index.php?rest_route=\/wp\/v2\/product\/5946\/revisions\/6550"}],"wp:featuredmedia":[{"embeddable":true,"href":"https:\/\/midoxalimentation.com\/index.php?rest_route=\/wp\/v2\/media\/5945"}],"wp:attachment":[{"href":"https:\/\/midoxalimentation.com\/index.php?rest_route=%2Fwp%2Fv2%2Fmedia&parent=5946"}],"wp:term":[{"taxonomy":"pwb-brand","embeddable":true,"href":"https:\/\/midoxalimentation.com\/index.php?rest_route=%2Fwp%2Fv2%2Fpwb-brand&post=5946"},{"taxonomy":"product_brand","embeddable":true,"href":"https:\/\/midoxalimentation.com\/index.php?rest_route=%2Fwp%2Fv2%2Fproduct_brand&post=5946"},{"taxonomy":"product_cat","embeddable":true,"href":"https:\/\/midoxalimentation.com\/index.php?rest_route=%2Fwp%2Fv2%2Fproduct_cat&post=5946"},{"taxonomy":"product_tag","embeddable":true,"href":"https:\/\/midoxalimentation.com\/index.php?rest_route=%2Fwp%2Fv2%2Fproduct_tag&post=5946"}],"curies":[{"name":"wp","href":"https:\/\/api.w.org\/{rel}","templated":true}]}}