{"id":5959,"date":"2026-01-23T22:57:09","date_gmt":"2026-01-23T21:57:09","guid":{"rendered":"https:\/\/midoxalimentation.com\/?product=sensea-gel-douche-400ml"},"modified":"2026-02-13T18:37:51","modified_gmt":"2026-02-13T17:37:51","slug":"sensea-gel-douche-400ml","status":"publish","type":"product","link":"https:\/\/midoxalimentation.com\/?product=sensea-gel-douche-400ml","title":{"rendered":"Sensea Gel Douche 400ml"},"content":{"rendered":"<p>Le gel douche Sensea nettoie votre peau en douceur tout en pr\u00e9servant son hydratation naturelle. Sa texture l\u00e9g\u00e8re et son parfum frais transforment votre douche en un v\u00e9ritable moment de bien-\u00eatre. Format g\u00e9n\u00e9reux de 400ml pour toute la famille.<\/p>\n","protected":false},"excerpt":{"rendered":"<p>Un gel douche rafra\u00eechissant pour une peau propre et d\u00e9licatement parfum\u00e9e.<\/p>\n","protected":false},"featured_media":5958,"comment_status":"open","ping_status":"closed","template":"","meta":{"content-type":""},"pwb-brand":[],"product_brand":[],"product_cat":[196,15],"product_tag":[721,245,720,340,719],"class_list":{"0":"post-5959","1":"product","2":"type-product","3":"status-publish","4":"has-post-thumbnail","6":"product_cat-hygiene-soins","7":"product_cat-tous-les-produits","8":"product_tag-corps","9":"product_tag-fraicheur","10":"product_tag-gel-douche","11":"product_tag-hygiene","12":"product_tag-sensea","14":"first","15":"instock","16":"taxable","17":"shipping-taxable","18":"purchasable","19":"product-type-simple"},"aioseo_notices":[],"jetpack_sharing_enabled":true,"brands":[],"_links":{"self":[{"href":"https:\/\/midoxalimentation.com\/index.php?rest_route=\/wp\/v2\/product\/5959","targetHints":{"allow":["GET"]}}],"collection":[{"href":"https:\/\/midoxalimentation.com\/index.php?rest_route=\/wp\/v2\/product"}],"about":[{"href":"https:\/\/midoxalimentation.com\/index.php?rest_route=\/wp\/v2\/types\/product"}],"replies":[{"embeddable":true,"href":"https:\/\/midoxalimentation.com\/index.php?rest_route=%2Fwp%2Fv2%2Fcomments&post=5959"}],"version-history":[{"count":1,"href":"https:\/\/midoxalimentation.com\/index.php?rest_route=\/wp\/v2\/product\/5959\/revisions"}],"predecessor-version":[{"id":6643,"href":"https:\/\/midoxalimentation.com\/index.php?rest_route=\/wp\/v2\/product\/5959\/revisions\/6643"}],"wp:featuredmedia":[{"embeddable":true,"href":"https:\/\/midoxalimentation.com\/index.php?rest_route=\/wp\/v2\/media\/5958"}],"wp:attachment":[{"href":"https:\/\/midoxalimentation.com\/index.php?rest_route=%2Fwp%2Fv2%2Fmedia&parent=5959"}],"wp:term":[{"taxonomy":"pwb-brand","embeddable":true,"href":"https:\/\/midoxalimentation.com\/index.php?rest_route=%2Fwp%2Fv2%2Fpwb-brand&post=5959"},{"taxonomy":"product_brand","embeddable":true,"href":"https:\/\/midoxalimentation.com\/index.php?rest_route=%2Fwp%2Fv2%2Fproduct_brand&post=5959"},{"taxonomy":"product_cat","embeddable":true,"href":"https:\/\/midoxalimentation.com\/index.php?rest_route=%2Fwp%2Fv2%2Fproduct_cat&post=5959"},{"taxonomy":"product_tag","embeddable":true,"href":"https:\/\/midoxalimentation.com\/index.php?rest_route=%2Fwp%2Fv2%2Fproduct_tag&post=5959"}],"curies":[{"name":"wp","href":"https:\/\/api.w.org\/{rel}","templated":true}]}}