{"id":6022,"date":"2026-01-23T22:57:24","date_gmt":"2026-01-23T21:57:24","guid":{"rendered":"https:\/\/midoxalimentation.com\/?product=cafe-toscaf"},"modified":"2026-03-14T17:50:55","modified_gmt":"2026-03-14T16:50:55","slug":"cafe-toscaf","status":"publish","type":"product","link":"https:\/\/midoxalimentation.com\/?product=cafe-toscaf","title":{"rendered":"Cafe Toscaf"},"content":{"rendered":"<p>Le caf\u00e9 Toscaf Mezcla est \u00e9labor\u00e9 \u00e0 partir d&rsquo;une s\u00e9lection rigoureuse de grains torr\u00e9fi\u00e9s pour garantir un ar\u00f4me profond et une saveur intense. Sa mouture fine s&rsquo;adapte parfaitement aux cafeti\u00e8res italiennes ou \u00e0 filtre, vous offrant une exp\u00e9rience caf\u00e9in\u00e9e authentique \u00e0 chaque tasse. Le compagnon id\u00e9al pour vos moments de pause ou vos r\u00e9veils actifs.<\/p>\n","protected":false},"excerpt":{"rendered":"<p data-path-to-node=\"10\">Caf\u00e9 moulu m\u00e9lange (Mezcla) \u00e9quilibr\u00e9, offrant une tasse aromatique et cors\u00e9e pour bien d\u00e9marrer la journ\u00e9e.<\/p>\n<p data-path-to-node=\"11\">\n","protected":false},"featured_media":6021,"comment_status":"open","ping_status":"closed","template":"","meta":{"content-type":""},"pwb-brand":[],"product_brand":[],"product_cat":[521,167,171,15],"product_tag":[550,548,551,541,549,277,547],"class_list":{"0":"post-6022","1":"product","2":"type-product","3":"status-publish","4":"has-post-thumbnail","6":"product_cat-conserves","7":"product_cat-epicerie","8":"product_cat-petit-dejeuner","9":"product_cat-tous-les-produits","10":"product_tag-boisson-chaude","11":"product_tag-cafe-moulu","12":"product_tag-cafeine","13":"product_tag-epicerie","14":"product_tag-mezcla","15":"product_tag-petit-dejeuner","16":"product_tag-toscaf","18":"first","19":"instock","20":"featured","21":"taxable","22":"shipping-taxable","23":"purchasable","24":"product-type-simple"},"aioseo_notices":[],"jetpack_sharing_enabled":true,"brands":[],"_links":{"self":[{"href":"https:\/\/midoxalimentation.com\/index.php?rest_route=\/wp\/v2\/product\/6022","targetHints":{"allow":["GET"]}}],"collection":[{"href":"https:\/\/midoxalimentation.com\/index.php?rest_route=\/wp\/v2\/product"}],"about":[{"href":"https:\/\/midoxalimentation.com\/index.php?rest_route=\/wp\/v2\/types\/product"}],"replies":[{"embeddable":true,"href":"https:\/\/midoxalimentation.com\/index.php?rest_route=%2Fwp%2Fv2%2Fcomments&post=6022"}],"version-history":[{"count":2,"href":"https:\/\/midoxalimentation.com\/index.php?rest_route=\/wp\/v2\/product\/6022\/revisions"}],"predecessor-version":[{"id":6479,"href":"https:\/\/midoxalimentation.com\/index.php?rest_route=\/wp\/v2\/product\/6022\/revisions\/6479"}],"wp:featuredmedia":[{"embeddable":true,"href":"https:\/\/midoxalimentation.com\/index.php?rest_route=\/wp\/v2\/media\/6021"}],"wp:attachment":[{"href":"https:\/\/midoxalimentation.com\/index.php?rest_route=%2Fwp%2Fv2%2Fmedia&parent=6022"}],"wp:term":[{"taxonomy":"pwb-brand","embeddable":true,"href":"https:\/\/midoxalimentation.com\/index.php?rest_route=%2Fwp%2Fv2%2Fpwb-brand&post=6022"},{"taxonomy":"product_brand","embeddable":true,"href":"https:\/\/midoxalimentation.com\/index.php?rest_route=%2Fwp%2Fv2%2Fproduct_brand&post=6022"},{"taxonomy":"product_cat","embeddable":true,"href":"https:\/\/midoxalimentation.com\/index.php?rest_route=%2Fwp%2Fv2%2Fproduct_cat&post=6022"},{"taxonomy":"product_tag","embeddable":true,"href":"https:\/\/midoxalimentation.com\/index.php?rest_route=%2Fwp%2Fv2%2Fproduct_tag&post=6022"}],"curies":[{"name":"wp","href":"https:\/\/api.w.org\/{rel}","templated":true}]}}