{"id":6046,"date":"2026-01-23T22:57:33","date_gmt":"2026-01-23T21:57:33","guid":{"rendered":"https:\/\/midoxalimentation.com\/?product=haagen-dazs-mini-pot-salted-caramel-3"},"modified":"2026-02-16T19:06:45","modified_gmt":"2026-02-16T18:06:45","slug":"haagen-dazs-mini-pot-salted-caramel-3","status":"publish","type":"product","link":"https:\/\/midoxalimentation.com\/?product=haagen-dazs-mini-pot-salted-caramel-3","title":{"rendered":"H\u00e4agen-Dazs Mini-Pot SALTED CARAMEL"},"content":{"rendered":"<p>Ce mini-pot propose un m\u00e9lange savoureux de glace au caramel riche, agr\u00e9ment\u00e9e d&rsquo;un ruban de sauce au caramel au beurre sal\u00e9. Un contraste sucr\u00e9-sal\u00e9 qui s\u00e9duira les palais les plus exigeants<\/p>\n","protected":false},"excerpt":{"rendered":"<ul>\n<li>\n<p data-path-to-node=\"12,2,0\">Une cr\u00e8me glac\u00e9e au caramel onctueuse sublim\u00e9e par une pointe de sel.<\/p>\n<\/li>\n<\/ul>\n","protected":false},"featured_media":6003,"comment_status":"open","ping_status":"closed","template":"","meta":{"content-type":""},"pwb-brand":[],"product_brand":[760],"product_cat":[174,15],"product_tag":[753,757,751,752,756],"class_list":{"0":"post-6046","1":"product","2":"type-product","3":"status-publish","4":"has-post-thumbnail","6":"product_brand-haagen-dazs","7":"product_cat-glaces","8":"product_cat-tous-les-produits","9":"product_tag-caramel-au-beurre-sale","10":"product_tag-dessert-luxe","11":"product_tag-haagen-dazs","12":"product_tag-salted-caramel","13":"product_tag-sucre-sale","15":"first","16":"instock","17":"featured","18":"taxable","19":"shipping-taxable","20":"purchasable","21":"product-type-simple"},"aioseo_notices":[],"jetpack_sharing_enabled":true,"brands":[],"_links":{"self":[{"href":"https:\/\/midoxalimentation.com\/index.php?rest_route=\/wp\/v2\/product\/6046","targetHints":{"allow":["GET"]}}],"collection":[{"href":"https:\/\/midoxalimentation.com\/index.php?rest_route=\/wp\/v2\/product"}],"about":[{"href":"https:\/\/midoxalimentation.com\/index.php?rest_route=\/wp\/v2\/types\/product"}],"replies":[{"embeddable":true,"href":"https:\/\/midoxalimentation.com\/index.php?rest_route=%2Fwp%2Fv2%2Fcomments&post=6046"}],"version-history":[{"count":2,"href":"https:\/\/midoxalimentation.com\/index.php?rest_route=\/wp\/v2\/product\/6046\/revisions"}],"predecessor-version":[{"id":6715,"href":"https:\/\/midoxalimentation.com\/index.php?rest_route=\/wp\/v2\/product\/6046\/revisions\/6715"}],"wp:featuredmedia":[{"embeddable":true,"href":"https:\/\/midoxalimentation.com\/index.php?rest_route=\/wp\/v2\/media\/6003"}],"wp:attachment":[{"href":"https:\/\/midoxalimentation.com\/index.php?rest_route=%2Fwp%2Fv2%2Fmedia&parent=6046"}],"wp:term":[{"taxonomy":"pwb-brand","embeddable":true,"href":"https:\/\/midoxalimentation.com\/index.php?rest_route=%2Fwp%2Fv2%2Fpwb-brand&post=6046"},{"taxonomy":"product_brand","embeddable":true,"href":"https:\/\/midoxalimentation.com\/index.php?rest_route=%2Fwp%2Fv2%2Fproduct_brand&post=6046"},{"taxonomy":"product_cat","embeddable":true,"href":"https:\/\/midoxalimentation.com\/index.php?rest_route=%2Fwp%2Fv2%2Fproduct_cat&post=6046"},{"taxonomy":"product_tag","embeddable":true,"href":"https:\/\/midoxalimentation.com\/index.php?rest_route=%2Fwp%2Fv2%2Fproduct_tag&post=6046"}],"curies":[{"name":"wp","href":"https:\/\/api.w.org\/{rel}","templated":true}]}}