{"id":6173,"date":"2026-01-23T22:57:54","date_gmt":"2026-01-23T21:57:54","guid":{"rendered":"https:\/\/midoxalimentation.com\/?product=killa"},"modified":"2026-04-16T21:10:45","modified_gmt":"2026-04-16T19:10:45","slug":"killa","status":"publish","type":"product","link":"https:\/\/midoxalimentation.com\/?product=killa","title":{"rendered":"Killa"},"content":{"rendered":"<p>&nbsp;<\/p>\n<p data-path-to-node=\"6,5,1,0\">Le <b data-path-to-node=\"6,5,1,0\" data-index-in-node=\"3\">Killa Cold Mint<\/b> est le choix de r\u00e9f\u00e9rence pour les amateurs de sensations fortes. Reconnu mondialement pour sa qualit\u00e9 constante, ce sachet de nicotine offre un ar\u00f4me de menthe glaciale ultra-frais qui dure.<\/p>\n<p><br data-path-to-node=\"6,5,1,1\" \/><br data-path-to-node=\"6,5,1,2\" \/><\/p>\n<p data-path-to-node=\"6,5,1,3\"><b data-path-to-node=\"6,5,1,3\" data-index-in-node=\"1\">Points forts :<\/b><\/p>\n<p>&nbsp;<\/p>\n<p data-path-to-node=\"6,5,1,5\">&#8211; <b data-path-to-node=\"6,5,1,5\" data-index-in-node=\"3\">Force :<\/b> Extra Strong.<\/p>\n<p>&nbsp;<\/p>\n<p data-path-to-node=\"6,5,1,7\">&#8211; <b data-path-to-node=\"6,5,1,7\" data-index-in-node=\"3\">Saveur :<\/b> Menthe polaire rafra\u00eechissante.<\/p>\n<p>&nbsp;<\/p>\n<p data-path-to-node=\"6,5,1,9\">&#8211; <b data-path-to-node=\"6,5,1,9\" data-index-in-node=\"3\">Utilisation :<\/b> Discret, ne coule pas et ne tache pas les dents.<\/p>\n<p>&nbsp;<\/p>\n<p data-path-to-node=\"6,5,1,11\">&#8211; <b data-path-to-node=\"6,5,1,11\" data-index-in-node=\"3\">Contenu :<\/b> 20 sachets slim par bo\u00eete.<\/p>\n","protected":false},"excerpt":{"rendered":"<p>L&rsquo;incontournable <b data-path-to-node=\"6,4,1,0\" data-index-in-node=\"17\">Killa Cold Mint<\/b>. Une explosion de fra\u00eecheur menthol\u00e9e avec un kick de nicotine puissant et instantan\u00e9.<\/p>\n","protected":false},"featured_media":7353,"comment_status":"open","ping_status":"closed","template":"","meta":{"content-type":""},"pwb-brand":[],"product_brand":[],"product_cat":[193,844,15],"product_tag":[857,853,849,852,856,846,855,854],"class_list":{"0":"post-6173","1":"product","2":"type-product","3":"status-publish","4":"has-post-thumbnail","6":"product_cat-espace-tabac","7":"product_cat-pouches-de-nicotine-snus","8":"product_cat-tous-les-produits","9":"product_tag-asilah","10":"product_tag-cold-mint","11":"product_tag-extra-strong","12":"product_tag-killa","13":"product_tag-midox","14":"product_tag-nicopods","15":"product_tag-snooze","16":"product_tag-snus","18":"first","19":"instock","20":"taxable","21":"shipping-taxable","22":"purchasable","23":"product-type-simple"},"aioseo_notices":[],"jetpack_sharing_enabled":true,"brands":[],"_links":{"self":[{"href":"https:\/\/midoxalimentation.com\/index.php?rest_route=\/wp\/v2\/product\/6173","targetHints":{"allow":["GET"]}}],"collection":[{"href":"https:\/\/midoxalimentation.com\/index.php?rest_route=\/wp\/v2\/product"}],"about":[{"href":"https:\/\/midoxalimentation.com\/index.php?rest_route=\/wp\/v2\/types\/product"}],"replies":[{"embeddable":true,"href":"https:\/\/midoxalimentation.com\/index.php?rest_route=%2Fwp%2Fv2%2Fcomments&post=6173"}],"version-history":[{"count":3,"href":"https:\/\/midoxalimentation.com\/index.php?rest_route=\/wp\/v2\/product\/6173\/revisions"}],"predecessor-version":[{"id":7343,"href":"https:\/\/midoxalimentation.com\/index.php?rest_route=\/wp\/v2\/product\/6173\/revisions\/7343"}],"wp:featuredmedia":[{"embeddable":true,"href":"https:\/\/midoxalimentation.com\/index.php?rest_route=\/wp\/v2\/media\/7353"}],"wp:attachment":[{"href":"https:\/\/midoxalimentation.com\/index.php?rest_route=%2Fwp%2Fv2%2Fmedia&parent=6173"}],"wp:term":[{"taxonomy":"pwb-brand","embeddable":true,"href":"https:\/\/midoxalimentation.com\/index.php?rest_route=%2Fwp%2Fv2%2Fpwb-brand&post=6173"},{"taxonomy":"product_brand","embeddable":true,"href":"https:\/\/midoxalimentation.com\/index.php?rest_route=%2Fwp%2Fv2%2Fproduct_brand&post=6173"},{"taxonomy":"product_cat","embeddable":true,"href":"https:\/\/midoxalimentation.com\/index.php?rest_route=%2Fwp%2Fv2%2Fproduct_cat&post=6173"},{"taxonomy":"product_tag","embeddable":true,"href":"https:\/\/midoxalimentation.com\/index.php?rest_route=%2Fwp%2Fv2%2Fproduct_tag&post=6173"}],"curies":[{"name":"wp","href":"https:\/\/api.w.org\/{rel}","templated":true}]}}