{"id":6200,"date":"2026-01-23T22:57:57","date_gmt":"2026-01-23T21:57:57","guid":{"rendered":"https:\/\/midoxalimentation.com\/?product=haagen-dazs-batonnet-salted-caramel"},"modified":"2026-04-16T18:00:07","modified_gmt":"2026-04-16T16:00:07","slug":"haagen-dazs-batonnet-salted-caramel","status":"publish","type":"product","link":"https:\/\/midoxalimentation.com\/?product=haagen-dazs-batonnet-salted-caramel","title":{"rendered":"H\u00e4agen-Dazs Batonnet Salted Caramel"},"content":{"rendered":"<ul>\n<li>\n<p data-path-to-node=\"6,3,0\">Ce b\u00e2tonnet premium combine une glace onctueuse tourbillonn\u00e9e de caramel au beurre sal\u00e9, le tout envelopp\u00e9 dans une couche craquante de chocolat au lait parsem\u00e9e d&rsquo;\u00e9clats croustillants. Le parfait \u00e9quilibre entre le sucr\u00e9 et une pointe de sel.<\/p>\n<\/li>\n<\/ul>\n","protected":false},"excerpt":{"rendered":"<p>Un b\u00e2tonnet glac\u00e9 au caramel au beurre sal\u00e9 avec un enrobage chocolat\u00e9 croquant.<\/p>\n","protected":false},"featured_media":6199,"comment_status":"open","ping_status":"closed","template":"","meta":{"content-type":""},"pwb-brand":[],"product_brand":[760],"product_cat":[174,15],"product_tag":[745,753,230,751,752],"class_list":{"0":"post-6200","1":"product","2":"type-product","3":"status-publish","4":"has-post-thumbnail","6":"product_brand-haagen-dazs","7":"product_cat-glaces","8":"product_cat-tous-les-produits","9":"product_tag-batonnet","10":"product_tag-caramel-au-beurre-sale","11":"product_tag-chocolat","12":"product_tag-haagen-dazs","13":"product_tag-salted-caramel","15":"first","16":"instock","17":"taxable","18":"shipping-taxable","19":"purchasable","20":"product-type-simple"},"aioseo_notices":[],"jetpack_sharing_enabled":true,"brands":[],"_links":{"self":[{"href":"https:\/\/midoxalimentation.com\/index.php?rest_route=\/wp\/v2\/product\/6200","targetHints":{"allow":["GET"]}}],"collection":[{"href":"https:\/\/midoxalimentation.com\/index.php?rest_route=\/wp\/v2\/product"}],"about":[{"href":"https:\/\/midoxalimentation.com\/index.php?rest_route=\/wp\/v2\/types\/product"}],"replies":[{"embeddable":true,"href":"https:\/\/midoxalimentation.com\/index.php?rest_route=%2Fwp%2Fv2%2Fcomments&post=6200"}],"version-history":[{"count":3,"href":"https:\/\/midoxalimentation.com\/index.php?rest_route=\/wp\/v2\/product\/6200\/revisions"}],"predecessor-version":[{"id":6711,"href":"https:\/\/midoxalimentation.com\/index.php?rest_route=\/wp\/v2\/product\/6200\/revisions\/6711"}],"wp:featuredmedia":[{"embeddable":true,"href":"https:\/\/midoxalimentation.com\/index.php?rest_route=\/wp\/v2\/media\/6199"}],"wp:attachment":[{"href":"https:\/\/midoxalimentation.com\/index.php?rest_route=%2Fwp%2Fv2%2Fmedia&parent=6200"}],"wp:term":[{"taxonomy":"pwb-brand","embeddable":true,"href":"https:\/\/midoxalimentation.com\/index.php?rest_route=%2Fwp%2Fv2%2Fpwb-brand&post=6200"},{"taxonomy":"product_brand","embeddable":true,"href":"https:\/\/midoxalimentation.com\/index.php?rest_route=%2Fwp%2Fv2%2Fproduct_brand&post=6200"},{"taxonomy":"product_cat","embeddable":true,"href":"https:\/\/midoxalimentation.com\/index.php?rest_route=%2Fwp%2Fv2%2Fproduct_cat&post=6200"},{"taxonomy":"product_tag","embeddable":true,"href":"https:\/\/midoxalimentation.com\/index.php?rest_route=%2Fwp%2Fv2%2Fproduct_tag&post=6200"}],"curies":[{"name":"wp","href":"https:\/\/api.w.org\/{rel}","templated":true}]}}