{"id":6725,"date":"2026-02-16T19:03:59","date_gmt":"2026-02-16T18:03:59","guid":{"rendered":"https:\/\/midoxalimentation.com\/?post_type=product&#038;p=6725"},"modified":"2026-04-16T17:25:43","modified_gmt":"2026-04-16T15:25:43","slug":"haagen-dazs-mini-pot-cookie-dough-chip","status":"publish","type":"product","link":"https:\/\/midoxalimentation.com\/?product=haagen-dazs-mini-pot-cookie-dough-chip","title":{"rendered":"H\u00e4agen-Dazs Mini-Pot Cookie Dough Chip"},"content":{"rendered":"<p>Ce mini-pot est un incontournable pour les fans de cookies. Il combine une base cr\u00e9meuse avec des p\u00e9pites croquantes et des morceaux fondants de \u00ab\u00a0Cookie Dough\u00a0\u00bb pour une texture riche en sensations.<\/p>\n","protected":false},"excerpt":{"rendered":"<p>Une glace onctueuse avec de g\u00e9n\u00e9reux morceaux de p\u00e2te \u00e0 cookie et des p\u00e9pites de chocolat.<\/p>\n","protected":false},"featured_media":6728,"comment_status":"open","ping_status":"closed","template":"","meta":{"content-type":""},"pwb-brand":[],"product_brand":[760],"product_cat":[174,15],"product_tag":[764,270,234,751,273],"class_list":{"0":"post-6725","1":"product","2":"type-product","3":"status-publish","4":"has-post-thumbnail","6":"product_brand-haagen-dazs","7":"product_cat-glaces","8":"product_cat-tous-les-produits","9":"product_tag-cookie-dough","10":"product_tag-cookies","11":"product_tag-gourmandise","12":"product_tag-haagen-dazs","13":"product_tag-pepites-de-chocolat","15":"first","16":"instock","17":"featured","18":"taxable","19":"shipping-taxable","20":"purchasable","21":"product-type-simple"},"aioseo_notices":[],"jetpack_sharing_enabled":true,"brands":[],"_links":{"self":[{"href":"https:\/\/midoxalimentation.com\/index.php?rest_route=\/wp\/v2\/product\/6725","targetHints":{"allow":["GET"]}}],"collection":[{"href":"https:\/\/midoxalimentation.com\/index.php?rest_route=\/wp\/v2\/product"}],"about":[{"href":"https:\/\/midoxalimentation.com\/index.php?rest_route=\/wp\/v2\/types\/product"}],"replies":[{"embeddable":true,"href":"https:\/\/midoxalimentation.com\/index.php?rest_route=%2Fwp%2Fv2%2Fcomments&post=6725"}],"version-history":[{"count":1,"href":"https:\/\/midoxalimentation.com\/index.php?rest_route=\/wp\/v2\/product\/6725\/revisions"}],"predecessor-version":[{"id":6726,"href":"https:\/\/midoxalimentation.com\/index.php?rest_route=\/wp\/v2\/product\/6725\/revisions\/6726"}],"wp:featuredmedia":[{"embeddable":true,"href":"https:\/\/midoxalimentation.com\/index.php?rest_route=\/wp\/v2\/media\/6728"}],"wp:attachment":[{"href":"https:\/\/midoxalimentation.com\/index.php?rest_route=%2Fwp%2Fv2%2Fmedia&parent=6725"}],"wp:term":[{"taxonomy":"pwb-brand","embeddable":true,"href":"https:\/\/midoxalimentation.com\/index.php?rest_route=%2Fwp%2Fv2%2Fpwb-brand&post=6725"},{"taxonomy":"product_brand","embeddable":true,"href":"https:\/\/midoxalimentation.com\/index.php?rest_route=%2Fwp%2Fv2%2Fproduct_brand&post=6725"},{"taxonomy":"product_cat","embeddable":true,"href":"https:\/\/midoxalimentation.com\/index.php?rest_route=%2Fwp%2Fv2%2Fproduct_cat&post=6725"},{"taxonomy":"product_tag","embeddable":true,"href":"https:\/\/midoxalimentation.com\/index.php?rest_route=%2Fwp%2Fv2%2Fproduct_tag&post=6725"}],"curies":[{"name":"wp","href":"https:\/\/api.w.org\/{rel}","templated":true}]}}