{"id":7348,"date":"2026-04-16T21:07:56","date_gmt":"2026-04-16T19:07:56","guid":{"rendered":"https:\/\/midoxalimentation.com\/?post_type=product&#038;p=7348"},"modified":"2026-04-17T02:16:21","modified_gmt":"2026-04-17T00:16:21","slug":"7348","status":"publish","type":"product","link":"https:\/\/midoxalimentation.com\/?product=7348","title":{"rendered":"Waka"},"content":{"rendered":"<p>&nbsp;<\/p>\n<p data-path-to-node=\"6,5,1,0\">Les sachets de nicotine <b data-path-to-node=\"6,5,1,0\" data-index-in-node=\"24\">WAKA<\/b> sont con\u00e7us pour offrir une alternative propre et satisfaisante au tabac. Gr\u00e2ce \u00e0 une technologie de lib\u00e9ration progressive, profitez d&rsquo;une saveur intense et d&rsquo;un kick de nicotine constant tout au long de la journ\u00e9e.<\/p>\n<p><br data-path-to-node=\"6,5,1,1\" \/><br data-path-to-node=\"6,5,1,2\" \/><\/p>\n<p data-path-to-node=\"6,5,1,3\"><b data-path-to-node=\"6,5,1,3\" data-index-in-node=\"1\">Caract\u00e9ristiques :<\/b><\/p>\n<p>&nbsp;<\/p>\n<p data-path-to-node=\"6,5,1,5\">&#8211; <b data-path-to-node=\"6,5,1,5\" data-index-in-node=\"3\">Format :<\/b> Slim pour un confort maximal.<\/p>\n<p>&nbsp;<\/p>\n<p data-path-to-node=\"6,5,1,7\">&#8211; <b data-path-to-node=\"6,5,1,7\" data-index-in-node=\"3\">Technologie :<\/b> Lib\u00e9ration contr\u00f4l\u00e9e de la saveur.<\/p>\n<p>&nbsp;<\/p>\n<p data-path-to-node=\"6,5,1,9\">&#8211; <b data-path-to-node=\"6,5,1,9\" data-index-in-node=\"3\">Qualit\u00e9 :<\/b> Ingr\u00e9dients de qualit\u00e9 pharmaceutique.<\/p>\n<p>&nbsp;<\/p>\n<p data-path-to-node=\"6,5,1,11\">&#8211; <b data-path-to-node=\"6,5,1,11\" data-index-in-node=\"3\">Discr\u00e9tion :<\/b> Id\u00e9al pour une utilisation partout et \u00e0 tout moment.<\/p>\n","protected":false},"excerpt":{"rendered":"<p><span data-path-to-node=\"6,4,1,0\">La fra\u00eecheur et l&rsquo;\u00e9quilibre sign\u00e9s <b data-path-to-node=\"6,4,1,0\" data-index-in-node=\"35\">WAKA<\/b>. Un sachet de nicotine premium pour un plaisir discret et durable.<\/span><\/p>\n","protected":false},"featured_media":7349,"comment_status":"open","ping_status":"closed","template":"","meta":{"content-type":""},"pwb-brand":[],"product_brand":[],"product_cat":[193,844],"product_tag":[857,856,846,847,848,855,854,862],"class_list":{"0":"post-7348","1":"product","2":"type-product","3":"status-publish","4":"has-post-thumbnail","6":"product_cat-espace-tabac","7":"product_cat-pouches-de-nicotine-snus","8":"product_tag-asilah","9":"product_tag-midox","10":"product_tag-nicopods","11":"product_tag-pouches","12":"product_tag-sans-tabac","13":"product_tag-snooze","14":"product_tag-snus","15":"product_tag-waka","17":"first","18":"instock","19":"taxable","20":"shipping-taxable","21":"purchasable","22":"product-type-simple"},"aioseo_notices":[],"jetpack_sharing_enabled":true,"brands":[],"_links":{"self":[{"href":"https:\/\/midoxalimentation.com\/index.php?rest_route=\/wp\/v2\/product\/7348","targetHints":{"allow":["GET"]}}],"collection":[{"href":"https:\/\/midoxalimentation.com\/index.php?rest_route=\/wp\/v2\/product"}],"about":[{"href":"https:\/\/midoxalimentation.com\/index.php?rest_route=\/wp\/v2\/types\/product"}],"replies":[{"embeddable":true,"href":"https:\/\/midoxalimentation.com\/index.php?rest_route=%2Fwp%2Fv2%2Fcomments&post=7348"}],"version-history":[{"count":2,"href":"https:\/\/midoxalimentation.com\/index.php?rest_route=\/wp\/v2\/product\/7348\/revisions"}],"predecessor-version":[{"id":7351,"href":"https:\/\/midoxalimentation.com\/index.php?rest_route=\/wp\/v2\/product\/7348\/revisions\/7351"}],"wp:featuredmedia":[{"embeddable":true,"href":"https:\/\/midoxalimentation.com\/index.php?rest_route=\/wp\/v2\/media\/7349"}],"wp:attachment":[{"href":"https:\/\/midoxalimentation.com\/index.php?rest_route=%2Fwp%2Fv2%2Fmedia&parent=7348"}],"wp:term":[{"taxonomy":"pwb-brand","embeddable":true,"href":"https:\/\/midoxalimentation.com\/index.php?rest_route=%2Fwp%2Fv2%2Fpwb-brand&post=7348"},{"taxonomy":"product_brand","embeddable":true,"href":"https:\/\/midoxalimentation.com\/index.php?rest_route=%2Fwp%2Fv2%2Fproduct_brand&post=7348"},{"taxonomy":"product_cat","embeddable":true,"href":"https:\/\/midoxalimentation.com\/index.php?rest_route=%2Fwp%2Fv2%2Fproduct_cat&post=7348"},{"taxonomy":"product_tag","embeddable":true,"href":"https:\/\/midoxalimentation.com\/index.php?rest_route=%2Fwp%2Fv2%2Fproduct_tag&post=7348"}],"curies":[{"name":"wp","href":"https:\/\/api.w.org\/{rel}","templated":true}]}}