{"id":7415,"date":"2026-04-18T23:15:24","date_gmt":"2026-04-18T21:15:24","guid":{"rendered":"https:\/\/midoxalimentation.com\/?post_type=product&#038;p=7415"},"modified":"2026-04-18T23:15:24","modified_gmt":"2026-04-18T21:15:24","slug":"rizla-micron-slim","status":"publish","type":"product","link":"https:\/\/midoxalimentation.com\/?product=rizla-micron-slim","title":{"rendered":"Rizla+ Micron Slim"},"content":{"rendered":"<p data-path-to-node=\"9\">Si vous recherchez la puret\u00e9 totale, le carnet <b data-path-to-node=\"9\" data-index-in-node=\"47\">Rizla+ Micron<\/b> est fait pour vous. Gr\u00e2ce \u00e0 une technologie de fabrication avanc\u00e9e, ce papier atteint une finesse record sans sacrifier la r\u00e9sistance n\u00e9cessaire pour un roulage pr\u00e9cis.<\/p>\n<p data-path-to-node=\"10\"><b data-path-to-node=\"10\" data-index-in-node=\"0\">Les caract\u00e9ristiques du Rizla+ Micron :<\/b><\/p>\n<ul data-path-to-node=\"11\">\n<li>\n<p data-path-to-node=\"11,0,0\"><b data-path-to-node=\"11,0,0\" data-index-in-node=\"0\">Finesse Record :<\/b> Un papier ultra-l\u00e9ger pour une sensation \u00ab\u00a0z\u00e9ro papier\u00a0\u00bb en bouche.<\/p>\n<\/li>\n<li>\n<p data-path-to-node=\"11,1,0\"><b data-path-to-node=\"11,1,0\" data-index-in-node=\"0\">Transparence Cristalline :<\/b> Sa finesse exceptionnelle permet de voir \u00e0 travers, signe d&rsquo;une qualit\u00e9 premium.<\/p>\n<\/li>\n<li>\n<p data-path-to-node=\"11,2,0\"><b data-path-to-node=\"11,2,0\" data-index-in-node=\"0\">Combustion Ultra-Lente :<\/b> Con\u00e7u pour durer plus longtemps, s&rsquo;\u00e9teignant si vous ne tirez pas dessus.<\/p>\n<\/li>\n<li>\n<p data-path-to-node=\"11,3,0\"><b data-path-to-node=\"11,3,0\" data-index-in-node=\"0\">Format Slim :<\/b> Longueur id\u00e9ale pour savourer chaque instant.<\/p>\n<\/li>\n<li>\n<p data-path-to-node=\"11,4,0\"><b data-path-to-node=\"11,4,0\" data-index-in-node=\"0\">Gomme Naturelle :<\/b> Collage efficace et propre avec la gomme arabique Rizla+.<\/p>\n<\/li>\n<li>\n<p data-path-to-node=\"11,5,0\"><b data-path-to-node=\"11,5,0\" data-index-in-node=\"0\">Contenance :<\/b> Chaque carnet contient <b data-path-to-node=\"11,5,0\" data-index-in-node=\"36\">50 feuilles<\/b><\/p>\n<\/li>\n<\/ul>\n","protected":false},"excerpt":{"rendered":"<p data-path-to-node=\"6\">L&rsquo;exp\u00e9rience ultime de finesse ! Le <b data-path-to-node=\"6\" data-index-in-node=\"36\">Rizla+ Micron Slim<\/b> est le papier le plus fin jamais con\u00e7u par la marque Rizla. Tellement fin qu&rsquo;il en devient presque transparent, offrant une neutralit\u00e9 de go\u00fbt absolue et une combustion extr\u00eamement lente pour les vrais experts.<\/p>\n<hr data-path-to-node=\"7\" \/>\n<h3 data-path-to-node=\"8\"><\/h3>\n","protected":false},"featured_media":7385,"comment_status":"open","ping_status":"closed","template":"","meta":{"content-type":""},"pwb-brand":[],"product_brand":[],"product_cat":[193,865],"product_tag":[873,876,943,940,930,942,939,874,941],"class_list":{"0":"post-7415","1":"product","2":"type-product","3":"status-publish","4":"has-post-thumbnail","6":"product_cat-espace-tabac","7":"product_cat-papier-a-rouler-filtres","8":"product_tag-accessoires-fumeurs","9":"product_tag-combustion-lente","10":"product_tag-papier-transparent","11":"product_tag-papier-ultra-fin","12":"product_tag-rizla","13":"product_tag-rizla-argent","14":"product_tag-rizla-micron","15":"product_tag-rolling-paper","16":"product_tag-slim","18":"first","19":"instock","20":"taxable","21":"shipping-taxable","22":"product-type-simple"},"aioseo_notices":[],"jetpack_sharing_enabled":true,"brands":[],"_links":{"self":[{"href":"https:\/\/midoxalimentation.com\/index.php?rest_route=\/wp\/v2\/product\/7415","targetHints":{"allow":["GET"]}}],"collection":[{"href":"https:\/\/midoxalimentation.com\/index.php?rest_route=\/wp\/v2\/product"}],"about":[{"href":"https:\/\/midoxalimentation.com\/index.php?rest_route=\/wp\/v2\/types\/product"}],"replies":[{"embeddable":true,"href":"https:\/\/midoxalimentation.com\/index.php?rest_route=%2Fwp%2Fv2%2Fcomments&post=7415"}],"version-history":[{"count":1,"href":"https:\/\/midoxalimentation.com\/index.php?rest_route=\/wp\/v2\/product\/7415\/revisions"}],"predecessor-version":[{"id":7416,"href":"https:\/\/midoxalimentation.com\/index.php?rest_route=\/wp\/v2\/product\/7415\/revisions\/7416"}],"wp:featuredmedia":[{"embeddable":true,"href":"https:\/\/midoxalimentation.com\/index.php?rest_route=\/wp\/v2\/media\/7385"}],"wp:attachment":[{"href":"https:\/\/midoxalimentation.com\/index.php?rest_route=%2Fwp%2Fv2%2Fmedia&parent=7415"}],"wp:term":[{"taxonomy":"pwb-brand","embeddable":true,"href":"https:\/\/midoxalimentation.com\/index.php?rest_route=%2Fwp%2Fv2%2Fpwb-brand&post=7415"},{"taxonomy":"product_brand","embeddable":true,"href":"https:\/\/midoxalimentation.com\/index.php?rest_route=%2Fwp%2Fv2%2Fproduct_brand&post=7415"},{"taxonomy":"product_cat","embeddable":true,"href":"https:\/\/midoxalimentation.com\/index.php?rest_route=%2Fwp%2Fv2%2Fproduct_cat&post=7415"},{"taxonomy":"product_tag","embeddable":true,"href":"https:\/\/midoxalimentation.com\/index.php?rest_route=%2Fwp%2Fv2%2Fproduct_tag&post=7415"}],"curies":[{"name":"wp","href":"https:\/\/api.w.org\/{rel}","templated":true}]}}