{"id":7447,"date":"2026-04-18T23:55:05","date_gmt":"2026-04-18T21:55:05","guid":{"rendered":"https:\/\/midoxalimentation.com\/?post_type=product&#038;p=7447"},"modified":"2026-04-18T23:55:05","modified_gmt":"2026-04-18T21:55:05","slug":"chicha-green-metallic-edition","status":"publish","type":"product","link":"https:\/\/midoxalimentation.com\/?product=chicha-green-metallic-edition","title":{"rendered":"Chicha  Green Metallic Edition"},"content":{"rendered":"<p data-path-to-node=\"9\">\n<p data-path-to-node=\"10\"><b data-path-to-node=\"10\" data-index-in-node=\"0\">Les caract\u00e9ristiques de la Chicha Green :<\/b><\/p>\n<ul data-path-to-node=\"11\">\n<li>\n<p data-path-to-node=\"11,0,0\"><b data-path-to-node=\"11,0,0\" data-index-in-node=\"0\">Finition M\u00e9tallique :<\/b> Un rev\u00eatement vert de haute qualit\u00e9 qui r\u00e9siste aux rayures et garde son \u00e9clat.<\/p>\n<\/li>\n<li>\n<p data-path-to-node=\"11,1,0\"><b data-path-to-node=\"11,1,0\" data-index-in-node=\"0\">Vase de Pr\u00e9cision :<\/b> Un r\u00e9servoir en verre transparent qui permet de contr\u00f4ler facilement le niveau d&rsquo;eau.<\/p>\n<\/li>\n<li>\n<p data-path-to-node=\"11,2,0\"><b data-path-to-node=\"11,2,0\" data-index-in-node=\"0\">Tirage Exceptionnel :<\/b> Une colonne d&rsquo;air optimis\u00e9e pour une fum\u00e9e dense et un refroidissement efficace.<\/p>\n<\/li>\n<li>\n<p data-path-to-node=\"11,3,0\"><b data-path-to-node=\"11,3,0\" data-index-in-node=\"0\">Stabilit\u00e9 Assur\u00e9e :<\/b> Sa forme \u00e9vas\u00e9e en bas permet une pose stable sur n&rsquo;importe quelle surface.<\/p>\n<\/li>\n<li>\n<p data-path-to-node=\"11,4,0\"><b data-path-to-node=\"11,4,0\" data-index-in-node=\"0\">Connectivit\u00e9 Moderne :<\/b> \u00c9quip\u00e9e d&rsquo;un connecteur de tuyau pr\u00e9cis et d&rsquo;une purge efficace pour renouveler la fum\u00e9e.<\/p>\n<\/li>\n<li>\n<p data-path-to-node=\"11,5,0\"><b data-path-to-node=\"11,5,0\" data-index-in-node=\"0\">Entretien Simplifi\u00e9 :<\/b> Les pi\u00e8ces se d\u00e9montent rapidement, rendant le nettoyage apr\u00e8s usage simple et rapide.<\/p>\n<\/li>\n<\/ul>\n","protected":false},"excerpt":{"rendered":"<p data-path-to-node=\"6\">Le style rencontre la performance. La <b data-path-to-node=\"6\" data-index-in-node=\"38\">Chicha Green Edition<\/b> se distingue par sa finition m\u00e9tallique verte \u00e9clatante et son vase transparent \u00e9pur\u00e9. Con\u00e7ue pour offrir une session fluide et riche en fum\u00e9e, elle est le choix parfait pour ceux qui recherchent l&rsquo;originalit\u00e9.<\/p>\n<p data-path-to-node=\"9\">\n","protected":false},"featured_media":7438,"comment_status":"open","ping_status":"closed","template":"","meta":{"content-type":""},"pwb-brand":[],"product_brand":[],"product_cat":[866,193],"product_tag":[873,1005,993,1003,1002,1000,994,997,995,1004],"class_list":{"0":"post-7447","1":"product","2":"type-product","3":"status-publish","4":"has-post-thumbnail","6":"product_cat-chicha-accessoires","7":"product_cat-espace-tabac","8":"product_tag-accessoires-fumeurs","9":"product_tag-cadeau-original","10":"product_tag-chicha","11":"product_tag-chicha-design","12":"product_tag-chicha-verte","13":"product_tag-fumee-dense","14":"product_tag-hookah","15":"product_tag-narguile","16":"product_tag-soarex","17":"product_tag-soarex-green","19":"first","20":"instock","21":"taxable","22":"shipping-taxable","23":"product-type-simple"},"aioseo_notices":[],"jetpack_sharing_enabled":true,"brands":[],"_links":{"self":[{"href":"https:\/\/midoxalimentation.com\/index.php?rest_route=\/wp\/v2\/product\/7447","targetHints":{"allow":["GET"]}}],"collection":[{"href":"https:\/\/midoxalimentation.com\/index.php?rest_route=\/wp\/v2\/product"}],"about":[{"href":"https:\/\/midoxalimentation.com\/index.php?rest_route=\/wp\/v2\/types\/product"}],"replies":[{"embeddable":true,"href":"https:\/\/midoxalimentation.com\/index.php?rest_route=%2Fwp%2Fv2%2Fcomments&post=7447"}],"version-history":[{"count":1,"href":"https:\/\/midoxalimentation.com\/index.php?rest_route=\/wp\/v2\/product\/7447\/revisions"}],"predecessor-version":[{"id":7448,"href":"https:\/\/midoxalimentation.com\/index.php?rest_route=\/wp\/v2\/product\/7447\/revisions\/7448"}],"wp:featuredmedia":[{"embeddable":true,"href":"https:\/\/midoxalimentation.com\/index.php?rest_route=\/wp\/v2\/media\/7438"}],"wp:attachment":[{"href":"https:\/\/midoxalimentation.com\/index.php?rest_route=%2Fwp%2Fv2%2Fmedia&parent=7447"}],"wp:term":[{"taxonomy":"pwb-brand","embeddable":true,"href":"https:\/\/midoxalimentation.com\/index.php?rest_route=%2Fwp%2Fv2%2Fpwb-brand&post=7447"},{"taxonomy":"product_brand","embeddable":true,"href":"https:\/\/midoxalimentation.com\/index.php?rest_route=%2Fwp%2Fv2%2Fproduct_brand&post=7447"},{"taxonomy":"product_cat","embeddable":true,"href":"https:\/\/midoxalimentation.com\/index.php?rest_route=%2Fwp%2Fv2%2Fproduct_cat&post=7447"},{"taxonomy":"product_tag","embeddable":true,"href":"https:\/\/midoxalimentation.com\/index.php?rest_route=%2Fwp%2Fv2%2Fproduct_tag&post=7447"}],"curies":[{"name":"wp","href":"https:\/\/api.w.org\/{rel}","templated":true}]}}