{"id":7453,"date":"2026-04-19T00:00:28","date_gmt":"2026-04-18T22:00:28","guid":{"rendered":"https:\/\/midoxalimentation.com\/?post_type=product&#038;p=7453"},"modified":"2026-04-19T00:00:28","modified_gmt":"2026-04-18T22:00:28","slug":"al-khayma-saveur-love-66-50g","status":"publish","type":"product","link":"https:\/\/midoxalimentation.com\/?product=al-khayma-saveur-love-66-50g","title":{"rendered":"Al Khayma &#8211; Saveur Love 66 &#8211; 50g"},"content":{"rendered":"<p data-path-to-node=\"9\">Vivez une exp\u00e9rience sensorielle unique avec la saveur <b data-path-to-node=\"9\" data-index-in-node=\"55\">Love 66<\/b> de chez <b data-path-to-node=\"9\" data-index-in-node=\"71\">Al Khayma<\/b>. Ce m\u00e9lange est devenu une r\u00e9f\u00e9rence mondiale pour son go\u00fbt fruit\u00e9 intense qui ne lasse jamais, offrant un \u00e9quilibre parfait entre sucre et fra\u00eecheur.<\/p>\n<p data-path-to-node=\"10\"><b data-path-to-node=\"10\" data-index-in-node=\"0\">Les caract\u00e9ristiques du Moassel Al Khayma Love 66 :<\/b><\/p>\n<ul data-path-to-node=\"11\">\n<li>\n<p data-path-to-node=\"11,0,0\"><b data-path-to-node=\"11,0,0\" data-index-in-node=\"0\">Cocktail Fruit\u00e9 :<\/b> Un m\u00e9lange savoureux de melon et de past\u00e8que pour une douceur naturelle.<\/p>\n<\/li>\n<li>\n<p data-path-to-node=\"11,1,0\"><b data-path-to-node=\"11,1,0\" data-index-in-node=\"0\">Effet Fresh :<\/b> Une note de menthe subtile qui apporte une sensation de fra\u00eecheur \u00e0 chaque bouff\u00e9e.<\/p>\n<\/li>\n<li>\n<p data-path-to-node=\"11,2,0\"><b data-path-to-node=\"11,2,0\" data-index-in-node=\"0\">Vapeur Onctueuse :<\/b> Sa m\u00e9lasse de qualit\u00e9 sup\u00e9rieure produit une fum\u00e9e blanche, dense et tr\u00e8s parfum\u00e9e.<\/p>\n<\/li>\n<li>\n<p data-path-to-node=\"11,3,0\"><b data-path-to-node=\"11,3,0\" data-index-in-node=\"0\">Tenue en Gout :<\/b> Les ar\u00f4mes sont con\u00e7us pour durer longtemps sans perdre de leur intensit\u00e9.<\/p>\n<\/li>\n<li>\n<p data-path-to-node=\"11,4,0\"><b data-path-to-node=\"11,4,0\" data-index-in-node=\"0\">Format Id\u00e9al :<\/b> Propos\u00e9 en bo\u00eete de <b data-path-to-node=\"11,4,0\" data-index-in-node=\"35\">50g<\/b>, facile \u00e0 transporter et \u00e0 conserver \u00e0 l&rsquo;abri de l&rsquo;air.<\/p>\n<\/li>\n<\/ul>\n<hr data-path-to-node=\"12\" \/>\n<h3 data-path-to-node=\"13\"><\/h3>\n","protected":false},"excerpt":{"rendered":"<p data-path-to-node=\"6\">Le mix exotique par excellence ! Le <b data-path-to-node=\"6\" data-index-in-node=\"36\">Moassel Al Khayma Love 66<\/b> est un m\u00e9lange audacieux de melon sucr\u00e9, de past\u00e8que juteuse et d&rsquo;une touche de menthe fra\u00eeche. Une saveur estivale et vibrante qui garantit une session de chicha pleine de fra\u00eecheur.<\/p>\n","protected":false},"featured_media":7442,"comment_status":"open","ping_status":"closed","template":"","meta":{"content-type":""},"pwb-brand":[],"product_brand":[],"product_cat":[866,193],"product_tag":[873,1006,993,1017,1007,997,1020,1018,1008,1019],"class_list":{"0":"post-7453","1":"product","2":"type-product","3":"status-publish","4":"has-post-thumbnail","6":"product_cat-chicha-accessoires","7":"product_cat-espace-tabac","8":"product_tag-accessoires-fumeurs","9":"product_tag-al-khayma","10":"product_tag-chicha","11":"product_tag-love-66","12":"product_tag-moassel","13":"product_tag-narguile","14":"product_tag-saveur-fresh","15":"product_tag-saveur-melon-pasteque","16":"product_tag-tabac-a-chicha","17":"product_tag---66","19":"first","20":"instock","21":"taxable","22":"shipping-taxable","23":"product-type-simple"},"aioseo_notices":[],"jetpack_sharing_enabled":true,"brands":[],"_links":{"self":[{"href":"https:\/\/midoxalimentation.com\/index.php?rest_route=\/wp\/v2\/product\/7453","targetHints":{"allow":["GET"]}}],"collection":[{"href":"https:\/\/midoxalimentation.com\/index.php?rest_route=\/wp\/v2\/product"}],"about":[{"href":"https:\/\/midoxalimentation.com\/index.php?rest_route=\/wp\/v2\/types\/product"}],"replies":[{"embeddable":true,"href":"https:\/\/midoxalimentation.com\/index.php?rest_route=%2Fwp%2Fv2%2Fcomments&post=7453"}],"version-history":[{"count":1,"href":"https:\/\/midoxalimentation.com\/index.php?rest_route=\/wp\/v2\/product\/7453\/revisions"}],"predecessor-version":[{"id":7454,"href":"https:\/\/midoxalimentation.com\/index.php?rest_route=\/wp\/v2\/product\/7453\/revisions\/7454"}],"wp:featuredmedia":[{"embeddable":true,"href":"https:\/\/midoxalimentation.com\/index.php?rest_route=\/wp\/v2\/media\/7442"}],"wp:attachment":[{"href":"https:\/\/midoxalimentation.com\/index.php?rest_route=%2Fwp%2Fv2%2Fmedia&parent=7453"}],"wp:term":[{"taxonomy":"pwb-brand","embeddable":true,"href":"https:\/\/midoxalimentation.com\/index.php?rest_route=%2Fwp%2Fv2%2Fpwb-brand&post=7453"},{"taxonomy":"product_brand","embeddable":true,"href":"https:\/\/midoxalimentation.com\/index.php?rest_route=%2Fwp%2Fv2%2Fproduct_brand&post=7453"},{"taxonomy":"product_cat","embeddable":true,"href":"https:\/\/midoxalimentation.com\/index.php?rest_route=%2Fwp%2Fv2%2Fproduct_cat&post=7453"},{"taxonomy":"product_tag","embeddable":true,"href":"https:\/\/midoxalimentation.com\/index.php?rest_route=%2Fwp%2Fv2%2Fproduct_tag&post=7453"}],"curies":[{"name":"wp","href":"https:\/\/api.w.org\/{rel}","templated":true}]}}