{"id":7536,"date":"2026-04-19T01:05:09","date_gmt":"2026-04-18T23:05:09","guid":{"rendered":"https:\/\/midoxalimentation.com\/?post_type=product&#038;p=7536"},"modified":"2026-04-21T15:33:07","modified_gmt":"2026-04-21T13:33:07","slug":"cigarillos-cafe-creme-original","status":"publish","type":"product","link":"https:\/\/midoxalimentation.com\/?product=cigarillos-cafe-creme-original","title":{"rendered":"Cigarillos Caf\u00e9 Cr\u00e8me Original"},"content":{"rendered":"<p>Les <b data-path-to-node=\"3,2,0\" data-index-in-node=\"24\">Caf\u00e9 Cr\u00e8me Original<\/b> sont fabriqu\u00e9s \u00e0 partir d&rsquo;un m\u00e9lange de tabacs de haute qualit\u00e9 provenant de Java, de Colombie et de R\u00e9publique Dominicaine. Envelopp\u00e9s dans une feuille de tabac naturel, ils offrent un go\u00fbt riche et \u00e9quilibr\u00e9, id\u00e9al pour une pause courte mais intense.<\/p>\n","protected":false},"excerpt":{"rendered":"<p>Les Caf\u00e9 Cr\u00e8me Original sont fabriqu\u00e9s \u00e0 partir d&rsquo;un m\u00e9lange de tabacs de haute qualit\u00e9 provenant de Java, de Colombie et de R\u00e9publique Dominicaine. Envelopp\u00e9s dans une feuille de tabac naturel, ils offrent un go\u00fbt riche et \u00e9quilibr\u00e9, id\u00e9al pour une pause courte mais intense.<\/p>\n","protected":false},"featured_media":7507,"comment_status":"open","ping_status":"closed","template":"","meta":{"content-type":""},"pwb-brand":[],"product_brand":[],"product_cat":[863,193],"product_tag":[1102,1103,1105,392,1104],"class_list":{"0":"post-7536","1":"product","2":"type-product","3":"status-publish","4":"has-post-thumbnail","6":"product_cat-cigarettes-tabac","7":"product_cat-espace-tabac","8":"product_tag-cafe-creme","9":"product_tag-cigarillos","10":"product_tag-mini-cigars","11":"product_tag-original","12":"product_tag-tabac-naturel","14":"first","15":"instock","16":"taxable","17":"shipping-taxable","18":"purchasable","19":"product-type-simple"},"aioseo_notices":[],"jetpack_sharing_enabled":true,"brands":[],"_links":{"self":[{"href":"https:\/\/midoxalimentation.com\/index.php?rest_route=\/wp\/v2\/product\/7536","targetHints":{"allow":["GET"]}}],"collection":[{"href":"https:\/\/midoxalimentation.com\/index.php?rest_route=\/wp\/v2\/product"}],"about":[{"href":"https:\/\/midoxalimentation.com\/index.php?rest_route=\/wp\/v2\/types\/product"}],"replies":[{"embeddable":true,"href":"https:\/\/midoxalimentation.com\/index.php?rest_route=%2Fwp%2Fv2%2Fcomments&post=7536"}],"version-history":[{"count":1,"href":"https:\/\/midoxalimentation.com\/index.php?rest_route=\/wp\/v2\/product\/7536\/revisions"}],"predecessor-version":[{"id":7537,"href":"https:\/\/midoxalimentation.com\/index.php?rest_route=\/wp\/v2\/product\/7536\/revisions\/7537"}],"wp:featuredmedia":[{"embeddable":true,"href":"https:\/\/midoxalimentation.com\/index.php?rest_route=\/wp\/v2\/media\/7507"}],"wp:attachment":[{"href":"https:\/\/midoxalimentation.com\/index.php?rest_route=%2Fwp%2Fv2%2Fmedia&parent=7536"}],"wp:term":[{"taxonomy":"pwb-brand","embeddable":true,"href":"https:\/\/midoxalimentation.com\/index.php?rest_route=%2Fwp%2Fv2%2Fpwb-brand&post=7536"},{"taxonomy":"product_brand","embeddable":true,"href":"https:\/\/midoxalimentation.com\/index.php?rest_route=%2Fwp%2Fv2%2Fproduct_brand&post=7536"},{"taxonomy":"product_cat","embeddable":true,"href":"https:\/\/midoxalimentation.com\/index.php?rest_route=%2Fwp%2Fv2%2Fproduct_cat&post=7536"},{"taxonomy":"product_tag","embeddable":true,"href":"https:\/\/midoxalimentation.com\/index.php?rest_route=%2Fwp%2Fv2%2Fproduct_tag&post=7536"}],"curies":[{"name":"wp","href":"https:\/\/api.w.org\/{rel}","templated":true}]}}